 - 2*j = -6*m + 274, -2*m - 2*j = -186. Calculate the highest common factor of 23 and m.
23
Let d(i) = 120*i**2 - 19*i. Let o be d(1). What is the greatest common factor of o and 404?
101
Suppose -2*o = -3*b + 3 - 35, -2*o - 38 = 2*b. Let h = b - -13. Let z(w) = -24*w. Let p be z(h). Calculate the highest common divisor of p and 8.
8
Let r(d) = d**2 - 20*d - 3. Let u be r(20). Let o be u/(-9) + (-77)/(-21). Calculate the greatest common divisor of 1 and o.
1
Let n be (-48)/(-14)*4*(-14)/(-16). Suppose m - 4 = -m. What is the greatest common divisor of n and m?
2
Let x(n) = -6*n - 1. Let i be x(-1). Let w = 1026 - 1001. What is the greatest common divisor of i and w?
5
Suppose -5*x = -2*i, -4*i = -0*x - 5*x. Suppose 0 = l - 2, i = 3*j - 2*l - 146. Calculate the highest common divisor of j and 125.
25
Suppose -14*n + 1155 = -455. Calculate the highest common divisor of 115 and n.
115
Let t = -28 - -23. Let f(b) = -b**3 - 2*b**2 + 4*b. Let a be f(t). Suppose 0 = 2*c - 6*c + 44. What is the highest common factor of c and a?
11
Suppose 8976 = 63*l - 15*l. Let o(q) = 3 + 0*q**2 - 2 - 2*q + 5*q**2. Let a be o(2). What is the highest common divisor of l and a?
17
Suppose 15*v = 23*v - 2816. What is the highest common divisor of 308 and v?
44
Let l = -869 - -923. What is the highest common divisor of 486 and l?
54
Suppose 4*z + 54 = 2*k + 62, 2*z - 4 = -5*k. Suppose 2*c - 5*c + 54 = 0. What is the highest common factor of c and z?
2
Let g(j) = j**2 - 13*j + 175. Let c be g(20). Calculate the highest common factor of 49 and c.
7
Suppose 0 = -113*i + 110*i + 3243. Calculate the greatest common divisor of i and 47.
47
Suppose -4*c + 18 = 2*r, 3*c - 7*r + r + 24 = 0. Suppose -3*f - 2 = -5*f. Calculate the greatest common factor of f and c.
1
Let i(h) = -h**2 - 29*h - 2. Let c be i(-27). What is the highest common factor of c and 4?
4
Suppose 2*k = -3*k + 3*k. Let t = k + 3. What is the greatest common factor of t and 24?
3
Let u be 1/6*(-7 + -2)*-24. Calculate the greatest common factor of u and 300.
12
Suppose 4*d = 4*s + 2*d - 16, 3*s = -2*d + 19. Suppose x = s, -3*v - 4*x + 510 = 130. Suppose 7*q = 5*q + v. Calculate the highest common factor of 24 and q.
12
Let x be 4/(8/6) + 2. Suppose -5*z - 2*g = -31, -4*z + 2*g = x*g - 29. Suppose d - 41 = 2*j - 3*j, 12 = -3*d. Calculate the highest common factor of z and j.
5
Let z = -3 + 4. Suppose 5*o - 2*a - 3 = 2, -3*o + 4*a = -3. Suppose o + 11 = 3*n. Calculate the greatest common factor of z and n.
1
Let i(c) = -c**2 + 10*c + 4. Let n be i(8). Let p be 197/4 + (-3)/(-4). What is the greatest common divisor of n and p?
10
Suppose 107*d = 126*d - 7581. What is the greatest common divisor of d and 171?
57
Let a be -8 + 24 - (0 - 0). Let s(m) = -2*m**3 - 8*m**2 - 5*m + 4. Let b be s(-4). What is the highest common factor of b and a?
8
Suppose -3071 = -17*q + 4783. Calculate the greatest common divisor of q and 294.
42
Let m be 62*1 - (12 - 13). Suppose 3*a - m - 15 = 0. Let z be 4/(-8) - (-393)/6. What is the highest common divisor of z and a?
13
Let o = 11 + -10. Let l = 11 - o. What is the greatest common divisor of l and 50?
10
Suppose -v - 125 = 3*v + j, 100 = -3*v - 2*j. Let f be 26/5 - (-3 + (-96)/v). What is the greatest common divisor of 55 and f?
5
Let v(s) = -s**2 - 6*s - 6. Let o be v(-4). Suppose 1 + o = l. Suppose l*w - 249 = 3*g, w - 5*g = -3*w + 334. Calculate the greatest common factor of w and 9.
9
Suppose -186*b + 1300 = -176*b. Calculate the greatest common factor of b and 845.
65
Let z be ((-9)/(-5))/((-15)/(-25)). Let p(t) = -t**3 + 2*t**2 + 2*t + 1. Let i be p(-1). Calculate the highest common factor of i and z.
1
Suppose -4*m + 57 + 167 = 2*k, -58 = -m - k. What is the highest common factor of m and 90?
18
Let s(i) = 5*i**2 + 2*i + 1. Let z(p) = p**2 - 18*p - 3. Let l be z(18). Let o be s(l). Calculate the highest common divisor of 200 and o.
40
Let k = 241 - 239. Let t = -15 - -21. Suppose k*f = t*f - 192. What is the highest common factor of 12 and f?
12
Suppose -311 + 81 = -j. Suppose -j = -3*p - 14. Calculate the highest common factor of 48 and p.
24
Let l(n) = n**2 + 6*n - 6. Let f be l(-7). Let v = -1 + f. Suppose -4*i + v*i = y - 34, -4*i = 2*y - 64. What is the greatest common factor of y and 15?
15
Let j = -93 - -184. Calculate the greatest common divisor of j and 26.
13
Let w = 0 - 7. Let q = 12 + w. Let z = -58 - -63. Calculate the highest common factor of q and z.
5
Suppose 4*c - 41 = -2*l - c, 3*c - 35 = -2*l. Let t = l - 0. What is the highest common factor of 104 and t?
13
Suppose -5*q = -q - 1040. Suppose 0*f + 2*g = -f - 58, -5*f + 5*g - q = 0. Let x be (-2)/(-10) + f/(-30). What is the greatest common divisor of 14 and x?
2
Let d be (-8 + 8)/((-3)/9*-3). Let k = 8 + d. What is the highest common divisor of 64 and k?
8
Let i(m) = -m - 4. Let u be i(-7). Suppose 0 = -h + y + 2*y + 4, 2*y - 23 = -u*h. What is the greatest common factor of h and 7?
7
Let w be ((-96)/20)/(6/(-315)). Calculate the highest common divisor of w and 56.
28
Let o = 170 - 277. Let f = -67 - o. Let l be (1*-2)/((-6)/15). Calculate the highest common factor of l and f.
5
Let i be (24 + -29)*-1*4/4. Calculate the greatest common divisor of i and 5.
5
Suppose 9 - 90 = -3*i. Suppose -6 = -3*u - 0. Suppose -u*g + 5*g = 27. Calculate the highest common factor of g and i.
9
Suppose -99 - 293 = -2*k. Suppose -6*o - k = -13*o. What is the greatest common factor of o and 252?
28
Let t be 2/(2 - (-9)/(-6)). Suppose 0*m = -t*m - 2*s - 6, 3*m + 2*s + 3 = 0. Let x be (110 - -3) + (-1 - m). What is the greatest common divisor of x and 46?
23
Let t = 15 - 7. Suppose 5*u + 3*c - 65 = t*c, 4*u - 2*c = 58. Calculate the highest common divisor of u and 40.
8
Suppose 16 = 4*n, 4*d + 49 = 3*n + 13. Suppose 4 = -r + 24. Let i = r + d. What is the highest common factor of i and 2?
2
Suppose 4*d + 520 = -4*p, -d + p - 110 = 6*p. Let r = -54 - d. What is the greatest common divisor of 9 and r?
9
Let t be 12/20 + 474/10. Suppose 7*f - 10*f + t = 0. What is the greatest common divisor of f and 40?
8
Let h(d) = -2*d**3 - 7*d**2 + 2*d + 3. Let s be h(-5). Suppose -46*w = -18*w - 84. Suppose -a + w*a - s = 0. Calculate the greatest common divisor of a and 85.
17
Let t = 48 + -15. Let j be (-1 + 4)*(-4312)/(-588). What is the greatest common divisor of t and j?
11
Suppose g + 3 = -3. Let p(b) = 253*b - 12 + 3*b**2 - 255*b - b**2. Let t be p(g). Calculate the highest common divisor of t and 18.
18
Let z = 138 - 26. Suppose a - 46 = -4*h, -2*h - 92 - 2 = -4*a. Suppose -a = -2*p + z. Calculate the highest common factor of 46 and p.
23
Let m be 324/(-30)*5*-1. Let t be m/(-4 + 6) - 1. Calculate the greatest common factor of t and 13.
13
Let l(y) = -4*y - 8. Let c be l(-7). Let a = 29 - c. Let s(q) = 19*q - 1. Let t be s(1). Calculate the greatest common factor of t and a.
9
Let h(t) = 2*t + 16. Let y be h(-7). Let j be 11 + (y + 1 - 4). Let b be 1134/45 + ((-6)/5 - -1). Calculate the highest common divisor of b and j.
5
Suppose 4*c - 16 = 8. Let h(k) be the second derivative of -k**4/12 + 3*k**3/2 - 7*k**2 - 2*k. Let s be h(c). What is the greatest common divisor of 2 and s?
2
Let l(b) = -b**3 + 11*b**2 - 2*b - 2. Let m be l(11). Let h be m/(-16) - 78/(-4). Suppose h = 2*u - u. Calculate the greatest common divisor of u and 14.
7
Let o(x) = -x**3 + 2*x**2 + 3*x - 4. Let d be o(-2). Calculate the highest common factor of d and 30.
6
Suppose 0 = -24*r + 9*r + 1170. Suppose 2*w - 6 = 0, 0*w + r = 3*j + 3*w. Calculate the highest common factor of 69 and j.
23
Let a = 8 - 3. Suppose a*w - 8 = 2. Suppose 2*d + 12 = 6*d. Calculate the greatest common factor of w and d.
1
Suppose -28 = 6*z - 4. Let i = z + 43. What is the highest common divisor of i and 26?
13
Suppose -2*x + 1081 = -3*m, 3*x - x - 2*m - 1086 = 0. Calculate the greatest common divisor of x and 8.
4
Let s = 28 - -8. What is the highest common divisor of s and 468?
36
Let z = 48 - 95. Let f = z - -55. What is the greatest common divisor of 16 and f?
8
Suppose -f = 4*f + 60. Let n be ((-2)/4)/(1/f). Let j = 16 - n. What is the greatest common divisor of 50 and j?
10
Suppose 3*t + 3*p = 33, -3*p = -5*t - 4*p + 51. What is the highest common divisor of 4 and t?
2
Let d(s) = 3*s*